 d = -18528 + 29571. What are the prime factors of d?
3, 409
Let n = -53816 - -87710. List the prime factors of n.
2, 3, 7, 269
List the prime factors of 5 + (2 - (0 - 8164)).
8171
Let q(o) = 859*o - 18. List the prime factors of q(9).
3, 857
Suppose 2026 = 2*y + 18*l - 17*l, 0 = y + 2*l - 1010. Let i = 304 + y. List the prime factors of i.
2, 659
Suppose 4*r = -0*r + 3*s + 129, 3*s - 21 = -r. Let w = r + 15. Let g = 114 - w. List the prime factors of g.
3, 23
Let d(i) = 10*i**2 + 87*i - 1675. List the prime factors of d(-60).
5, 5821
Suppose -j - 1 = -6. Suppose -32*l = -34*l + j*t + 1751, t = -5. List the prime factors of l.
863
Suppose -18 = 288*s - 297*s. Suppose s*b - 4*a = -5*a + 2219, 0 = -b + 3*a + 1113. List the prime factors of b.
2, 3, 5, 37
List the prime factors of ((-9768)/14)/(-17*(-6)/1071*-1).
2, 3, 11, 37
Let g(t) = -2 - 3 - 2*t**2 + 8*t + 3 + 4*t**2 - t**3. Let o be g(4). What are the prime factors of 146*2/(-8)*o?
73
Let o(c) = -5*c - 1. Let q be o(-2). Suppose 0 = 2*l - 3*j + q, -4*l - 7 - 8 = -5*j. Suppose l = 2*t + 8*t - 1120. What are the prime factors of t?
2, 7
Let r(m) = -m**2 - 19*m - 52. Let q be r(-15). Suppose -b + 18 = q*b. Suppose f - 2 = -6, b*l - f - 340 = 0. What are the prime factors of l?
2, 3, 7
Let c(f) = f**2 - 3*f + 4. Let k be c(3). Suppose 2*r + 19 = d, -r + 0*r - 13 = -k*d. Let a(v) = 2*v**2 + 8*v - 4. What are the prime factors of a(r)?
2, 43
Let z(k) = 7766*k + 281. List the prime factors of z(1).
13, 619
Let z(j) = -5*j**2 + j - 6. Let u be z(-2). Let g = 78 + -45. Let m = u + g. List the prime factors of m.
5
Suppose -74018 = -4*w + o, -o + 6 = -2*o. List the prime factors of w.
18503
Let b = 58 + -56. What are the prime factors of (-3 + 5/b)/((-9)/21492)?
2, 3, 199
Let m(i) = -3*i + 27. Let l be m(11). Suppose 1 = -d, -3 - 9 = -3*n + 3*d. What are the prime factors of 51/l*-14 - n?
2, 29
Let i(s) be the third derivative of s**4/12 - 7*s**3/6 + 22*s**2. Let j be i(5). Suppose -j*k + 87 + 156 = 0. List the prime factors of k.
3
Let h be 9/6 - (-89)/(-2). Let j = 529 + h. What are the prime factors of j?
2, 3
Let b be (-18 - -13)*2/(-5). What are the prime factors of (-25)/b*(10416/(-40))/7?
3, 5, 31
Suppose -49*r - 113*r - 76*r + 4164762 = 0. What are the prime factors of r?
3, 19, 307
Suppose 4*d + 2*d = 30. Suppose 4 = -3*n - o, -d*n - 3*o = 10 + 2. Suppose -9*m + 3*m + 984 = n. List the prime factors of m.
2, 41
Suppose 14*c - 8 = 10*c. Suppose 4*w + 4*v = 2*v + 800, -w + 197 = c*v. Let g = w + -26. What are the prime factors of g?
5, 7
Suppose -5*f - 2*d - 52 = 0, -5*f - 3*d - 47 = 1. Let k be (-271)/(-6) - f/(-72). Let x = 108 - k. What are the prime factors of x?
3, 7
Suppose 4*n - 32592 = w, 24431 = 3*n - 6*w + 2*w. What are the prime factors of n?
29, 281
Let c = 567 - 264. Suppose -3*t + 9*g = 11*g - 278, -3*t + 3*g + c = 0. What are the prime factors of t?
2, 3
Let p = -126 - -271. Let h = p + -12. Suppose 5*q = 6*q - h. What are the prime factors of q?
7, 19
Suppose -4*l + 5*u + 532 + 864 = 0, 0 = -u. Let i = l + -115. What are the prime factors of i?
2, 3, 13
List the prime factors of (2 - 21/10) + 98345704/6640.
3, 4937
Suppose 11*h - h = 10960. Suppose -3*o - 337 + h = 0. Let l = o - 112. List the prime factors of l.
3, 47
What are the prime factors of (-1)/(-5)*3 - 8578*(-52)/65?
6863
What are the prime factors of 13708 + ((-3)/((-12)/5))/((-106)/(-424))?
3, 7, 653
Let o be 3/(-33) - 6075/(-33). Suppose 6*n - 5*z + o = 8*n, -4*z - 184 = -2*n. List the prime factors of n.
2, 23
Let x(n) = -62*n + 18. Let c be x(-21). Suppose -5*j - c = 1370. Let m = -328 - j. What are the prime factors of m?
2, 3, 5, 7
Suppose -3*b = 5*v - 39063 + 13790, 0 = 2*b - v - 16866. What are the prime factors of b?
8431
Let z(a) = -2*a + 26. Let n be z(12). Let v(r) = 7*r + 13*r + n*r + 0 - 4. What are the prime factors of v(3)?
2, 31
List the prime factors of (0 - (-2)/2)/((-301)/(-862021))*7.
20047
Let l = 87 - 102. List the prime factors of ((-3)/(-15))/((-3)/l) - -215.
2, 3
Let s = 47 + -44. Suppose -s*g = g - 16. Suppose 7*i - 64 = 3*i + g*j, 0 = 2*i - 4*j - 42. What are the prime factors of i?
11
Suppose l + 114 - 6531 = -5*p, -4*p = -5*l + 31998. What are the prime factors of l?
2, 3, 11, 97
List the prime factors of 13/(130/750)*207/3.
3, 5, 23
Suppose 2*b - 4458 = -2*z, 4*b = -17*z + 20*z - 6722. List the prime factors of z.
2, 1117
Let j = -13592 - -29748. List the prime factors of j.
2, 7, 577
Let w = -350 - -350. Suppose 0*k - 214 = -3*n - 2*k, 2*k - 10 = w. What are the prime factors of n?
2, 17
Let t be ((-830)/4)/((-41)/82). Suppose 5*b + 4*j = 2635, -3*j - 1996 + t = -3*b. List the prime factors of b.
17, 31
Let u(n) = -9*n**2 - 5*n + 0*n**2 + 3*n**2 + 5*n**2 + 3. Let a be u(-9). Let b = a - -97. What are the prime factors of b?
2
Let t = -364 - -167. Let l = -5 + 11. Let w = l - t. What are the prime factors of w?
7, 29
Let k(x) be the second derivative of x**4/2 - 11*x**3/6 - 34*x**2 - x - 140. List the prime factors of k(-7).
3, 101
Let j = -1270 - -1282. Let i be 7*(-1 - -2*1). Suppose i*n = j*n - 290. What are the prime factors of n?
2, 29
Suppose 0 = -38*q + 32*q + 12. Suppose -q*z - 4*l = -698, -6*l + 8*l - 700 = -2*z. What are the prime factors of z?
3, 13
Let r(a) = 24*a**2 - 10*a + 43. Let k be r(8). Suppose -5*s = 3*x - k, -4*x + 2*s + 1889 = -127. List the prime factors of x.
503
Let h(f) = f**2 - 14*f + 17. Let v be h(9). Let d = 34 + v. Suppose -a = -78 - d. List the prime factors of a.
2, 3, 7
Let h be 7 - 117/18 - (-21)/(-2). Let o(p) = -p**3 - 5*p**2 - 5*p - 11. List the prime factors of o(h).
7, 11
Let s(n) = n**2 + 2*n + 9. Let b be s(-7). Let o = b + -37. Suppose -o*a + 121 = -124. What are the prime factors of a?
5, 7
Let k(v) = 3*v + 19. Let c be k(-3). Suppose -41 - c = 17*g. What are the prime factors of (-528)/(-32)*(-4)/g - -1?
23
Let h(j) = -5*j**2 - 43*j - 69. Let g(p) = 8*p**2 + 42*p + 67. Let t(q) = -2*g(q) - 3*h(q). List the prime factors of t(22).
3, 193
Suppose 0 = 7*z - 4*z + 3*v - 2469, -v = 3*z - 2471. Suppose 0 = 2*a - 5*k - z, 0 = -4*a + k + 584 + 1100. What are the prime factors of a?
2, 211
Let t = -763 + 3124. What are the prime factors of t?
3, 787
Suppose -5*o = 3*y - 14197 - 119089, 0 = 3*o + 2*y - 79972. What are the prime factors of o?
2, 7, 17
Let b be 2 + (18 - 3/(-3)). Suppose 4*r + b = 1. What are the prime factors of 16/(r/((-165)/6))?
2, 11
Let y = -167 - -167. Suppose -6*r - o = -5*r - 113, y = r + 2*o - 118. What are the prime factors of r?
2, 3
Let o(n) = 9*n - 66. Let g be o(10). List the prime factors of 8/(g/1125) - -5.
2, 5, 19
Let x(y) = 250*y**2 - 6*y + 4. Suppose 5*z - 17 = 3*u, -z + 0*u - 11 = 3*u. What are the prime factors of x(z)?
2, 31
Let w(k) = -k**3 + 5*k**2 + k + 4910. Let a be w(0). Suppose 12*c - a = 1258. List the prime factors of c.
2, 257
Let d(f) = -4*f + 40. Let z be d(11). Let h be z + 1 + (-2 - -5) + 5. Suppose -h*j + 4*j - 257 = -4*c, c + j = 68. What are the prime factors of c?
5, 13
Suppose 5*c - 92 - 553 = 0. List the prime factors of c + ((-18)/24 - 14/(-8)).
2, 5, 13
Let f(a) = -43*a - 7. Let d(z) = z**3 - 2*z**2 + z + 2. Let u be d(-1). Let s(t) = 3*t**3 + 5*t**2 - t - 4. Let k be s(u). What are the prime factors of f(k)?
251
Suppose -4*v = 5 + 3, -5*k + 9650 = 5*v. List the prime factors of k.
2, 3, 7, 23
Let w be ((-9)/((-252)/160))/((-8)/(-28)). Suppose w*y = -12*y + 25920. What are the prime factors of y?
2, 3, 5
Suppose 0*u - 15 = 3*u, -u = -2*l + 2679. Let g = -934 + l. What are the prime factors of g?
13, 31
Suppose t - g - 7323 = -t, -18308 = -5*t + 2*g. What are the prime factors of t?
2, 1831
Suppose 5*d - y = 6*d - 389, y = 2*d - 772. Let r = -202 + d. List the prime factors of r.
5, 37
Let d(f) = 3*f - 1. Let a(k) = 4*k. Let b(h) = -5*a(h) + 6*d(h). Let o be b(-5). Suppose -w - o*s + 52 = 0, 5*w + s - 74 = 148. List the prime factors of w.
2, 11
What are the prime factors of ((-330)/77)/(-5) - (-3)/(-21)*-2507?
359
Let a = -69 + 68. Let t be (a*(-5)/(-2))/((-1)/2). Let v(x) = 42*x - 34. What are the prime factors of v(t)?
2, 11
Let d(l) be the first derivative of -5*l**4/24 - l**3/2 + 15*l**2 + 20. Let c(b) be the second derivative of d(b). List the prime factors of c(-5).
2, 11
Let j(n) =